What are the prime factors of 1355448?
2, 3, 56477
What are the prime factors of 6371084?
2, 61, 26111
What are the prime factors of 232377?
3, 29, 2671
List the prime factors of 3262083.
3, 11, 41, 2411
What are the prime factors of 159567?
3, 53189
List the prime factors of 21011280.
2, 3, 5, 87547
What are the prime factors of 4822239?
3, 79, 20347
What are the prime factors of 1450817?
23, 63079
What are the prime factors of 5084300?
2, 5, 13, 3911
List the prime factors of 3742187.
47, 79621
List the prime factors of 23451355.
5, 47, 99793
List the prime factors of 5564329.
43, 129403
What are the prime factors of 1032633?
3, 7, 37, 443
List the prime factors of 10065473.
11, 47, 19469
List the prime factors of 248592.
2, 3, 5179
What are the prime factors of 470659?
7, 71, 947
What are the prime factors of 4741312?
2, 23, 3221
What are the prime factors of 5234246?
2, 73, 35851
List the prime factors of 226084.
2, 29, 1949
List the prime factors of 32851823.
32851823
List the prime factors of 1530037.
1530037
What are the prime factors of 830439?
3, 30757
List the prime factors of 670339.
19, 35281
List the prime factors of 128882.
2, 13, 4957
List the prime factors of 169196.
2, 42299
List the prime factors of 2080880.
2, 5, 19, 37
List the prime factors of 2201948.
2, 7, 19, 4139
List the prime factors of 211476.
2, 3, 17623
What are the prime factors of 155866?
2, 77933
What are the prime factors of 173815?
5, 34763
What are the prime factors of 63621?
3, 7069
List the prime factors of 453660.
2, 3, 5, 7561
List the prime factors of 10122661.
1877, 5393
What are the prime factors of 19207627?
43, 59, 67, 113
List the prime factors of 4601357.
23, 37, 5407
List the prime factors of 113546.
2, 56773
What are the prime factors of 3813929?
7, 23, 23689
List the prime factors of 4363178.
2, 347, 6287
What are the prime factors of 11575383?
3, 3858461
List the prime factors of 53652.
2, 3, 17, 263
List the prime factors of 469272.
2, 3, 19553
What are the prime factors of 1627077?
3, 43, 12613
List the prime factors of 3536055.
3, 5, 8731
List the prime factors of 14546989.
19, 193, 3967
List the prime factors of 12779374.
2, 6389687
What are the prime factors of 787284?
2, 3, 19, 1151
What are the prime factors of 262866?
2, 3, 193, 227
What are the prime factors of 17446484?
2, 11, 19, 41, 509
What are the prime factors of 7407722?
2, 7, 269, 281
List the prime factors of 219363.
3, 73121
List the prime factors of 2711874.
2, 3, 11, 17, 2417
What are the prime factors of 1374592?
2, 10739
What are the prime factors of 186758?
2, 11, 13, 653
List the prime factors of 1523961.
3, 56443
What are the prime factors of 3273105?
3, 5, 11, 83, 239
List the prime factors of 3729745.
5, 503, 1483
What are the prime factors of 4709037?
3, 571, 2749
List the prime factors of 12637826.
2, 6318913
List the prime factors of 125027.
7, 53, 337
List the prime factors of 1961158.
2, 980579
List the prime factors of 76013.
7, 10859
List the prime factors of 5525706.
2, 3, 920951
What are the prime factors of 10043356?
2, 1051, 2389
List the prime factors of 19852129.
11, 223, 8093
What are the prime factors of 257759?
383, 673
List the prime factors of 1192896.
2, 3, 19, 109
List the prime factors of 8168205.
3, 5, 61, 79, 113
List the prime factors of 1761863.
17, 61, 1699
What are the prime factors of 7487530?
2, 5, 419, 1787
List the prime factors of 227922.
2, 3, 37987
What are the prime factors of 5722325?
5, 7, 19, 1721
List the prime factors of 609635.
5, 13, 83, 113
What are the prime factors of 24245913?
3, 8081971
List the prime factors of 228879.
3, 7, 173
What are the prime factors of 1011623?
31, 32633
What are the prime factors of 124680?
2, 3, 5, 1039
What are the prime factors of 1141653?
3, 19, 20029
List the prime factors of 1496196.
2, 3, 13, 23, 139
What are the prime factors of 249081?
3, 7, 29, 409
What are the prime factors of 477891?
3, 29, 1831
List the prime factors of 1340917.
37, 36241
What are the prime factors of 12466220?
2, 5, 13, 47947
What are the prime factors of 963272?
2, 347
What are the prime factors of 5051665?
5, 113, 8941
What are the prime factors of 16543378?
2, 2683, 3083
What are the prime factors of 903?
3, 7, 43
What are the prime factors of 557007?
3, 11, 16879
What are the prime factors of 20121267?
3, 461, 14549
List the prime factors of 10136901.
3, 3378967
What are the prime factors of 196608?
2, 3
What are the prime factors of 16066657?
16066657
What are the prime factors of 10094?
2, 7, 103
What are the prime factors of 367563?
3, 7, 23, 761
What are the prime factors of 172910?
2, 5, 17291
What are the prime factors of 6066992?
2, 379187
What are the prime factors of 12331384?
2, 13, 118571
What are the prime factors of 3167291?
41, 67, 1153
List the prime factors of 581248.
2, 19, 239
What are the prime factors of 5262522?
2, 3, 487, 1801
What are the prime factors of 2577005?
5, 515401
What are the prime factors of 571327?
307, 1861
What are the prime factors of 372741?
3, 124247
What are the prime factors of 784261?
17, 46133
List the prime factors of 3410838.
2, 3, 189491
List the prime factors of 8580000.
2, 3, 5, 11, 13
What are the prime factors of 215953?
215953
What are the prime factors of 6658929?
3, 67, 409
What are the prime factors of 5039629?
7, 719947
What are the prime factors of 3574697?
7, 72953
List the prime factors of 26725666.
2, 11, 17, 19, 3761
List the prime factors of 10782974.
2, 5391487
List the prime factors of 380814.
2, 3, 7, 9067
List the prime factors of 1362331.
383, 3557
What are the prime factors of 10317?
3, 19, 181
What are the prime factors of 120365?
5, 7, 19, 181
List the prime factors of 6709606.
2, 23, 145861
What are the prime factors of 721492?
2, 317, 569
List the prime factors of 564822.
2, 3, 31379
What are the prime factors of 1041453?
3, 7, 61, 271
List the prime factors of 1735450.
2, 5, 61, 569
List the prime factors of 5287553.
131, 181, 223
What are the prime factors of 4271923?
4271923
List the prime factors of 3436035.
3, 5, 397, 577
List the prime factors of 13165922.
2, 7, 11, 17, 47, 107
What are the prime factors of 23969?
11, 2179
List the prime factors of 396639.
3, 44071
List the prime factors of 2682190.
2, 5, 7, 38317
What are the prime factors of 505402?
2, 23, 10987
What are the prime factors of 12883951?
12883951
What are the prime factors of 1149378?
2, 3, 191563
What are the prime factors of 6486879?
3, 7, 308899
List the prime factors of 2071419.
3, 7, 98639
What are the prime factors of 3652180?
2, 5, 7, 19, 1373
List the prime factors of 4616526.
2, 3, 769421
List the prime factors of 157747.
157747
List the prime factors of 3948526.
2, 1974263
List the prime factors of 138544.
2, 7, 1237
What are the prime factors of 726891?
3, 11, 22027
What are the prime factors of 291734?
2, 199, 733
What are the prime factors of 2363179?
7, 13, 25969
List the prime factors of 2220595.
5, 13, 127, 269
What are the prime factors of 1045981?
1045981
List the prime factors of 3556012.
2, 41, 21683
List the prime factors of 328188.
2, 3, 7, 3907
List the prime factors of 39870.
2, 3, 5, 443
List the prime factors of 9507641.
11, 13, 17, 3911
What are the prime factors of 683277?
3, 7, 32537
What are the prime factors of 28251434?
2, 641, 22037
What are the prime factors of 1794204?
2, 3, 37, 449
List the prime factors of 10733282.
2, 7, 367, 2089
List the prime factors of 2151362.
2, 1075681
List the prime factors of 2560634.
2, 1280317
List the prime factors of 250448.
2, 11, 1423
List the prime factors of 453188.
2, 19, 67, 89
List the prime factors of 27014115.
3, 5, 593, 3037
What are the prime factors of 12203274?
2, 3, 31, 65609
List the prime factors of 2721078.
2, 3, 151171
List the prime factors of 454809.
3, 151603
List the prime factors of 74428.
2, 23, 809
What are the prime factors of 9974066?
2, 79, 63127
List the prime factors of 253360.
2, 5, 3167
List the prime factors of 2339644.
2, 584911
List the prime factors of 9865898.
2, 7, 409, 1723
What are the prime factors of 633839?
179, 3541
List the prime factors of 146358.
2, 3, 47, 173
List the prime factors of 692537.
692537
List the prime factors of 186070.
2, 5, 23, 809
Li